-2 + (-37)/u). Let s = m - -25. List the prime factors of s.
2, 3, 7
Let p(t) = 53*t + 3. Let g be p(1). Let l = 5 + -3. Suppose -g = -0*r - l*r. What are the prime factors of r?
2, 7
Let p = 280 - 195. List the prime factors of p/5*(1 + 4).
5, 17
Let d(f) = -7*f + 2*f**3 - f**2 + 3*f + 5*f. Let a be d(1). Suppose 37 - 15 = a*c. List the prime factors of c.
11
Let v be ((-8)/(-10))/(63/(-30) - -2). List the prime factors of (-17 - v)*(-10 - 1).
3, 11
Let f(q) = 2*q**2 - 17*q - 90. What are the prime factors of f(28)?
2, 3, 167
Suppose -l - 3*v + 1979 = 0, 5*l + v - 10785 + 848 = 0. What are the prime factors of l?
2, 7, 71
Let b(k) = k**2 - 6*k + 93. What are the prime factors of b(-15)?
2, 3, 17
Let u(a) = a + 1. Let q be u(3). Let v(d) be the third derivative of d**5/60 - d**4/24 - d**3/2 + 16*d**2 - d. What are the prime factors of v(q)?
3
Suppose 4*q + 2 + 6 = 0, 0 = 5*u - 4*q + 37. Let n = u + 8. List the prime factors of n/(2 - 70/34).
17
Let x = 20 + -20. Let y = x + -1. List the prime factors of (3/1 + -48)*y.
3, 5
Suppose 336*a + 6102 = 345*a. List the prime factors of a.
2, 3, 113
What are the prime factors of ((-4)/(-14))/1 + 179180/119?
2, 3, 251
Suppose 4*w - 3681 = -4*y + 99, -1899 = -2*w - 5*y. What are the prime factors of w?
2, 3, 157
Let v be -252*(-4 + 2)*(-5)/(-15). Suppose -660 + v = -3*p. What are the prime factors of p?
2, 41
Suppose -2*a = 6, -4*i - 315 = -a - 90. Let x = 30 + i. Let g = x - -42. What are the prime factors of g?
3, 5
Let b = -4917 + 8319. List the prime factors of b.
2, 3, 7
List the prime factors of (345/75 - 5) + 13554/10.
5, 271
Let r(f) = 80*f - 103. List the prime factors of r(7).
457
Let b(d) = 5*d - 6. Let w be b(2). List the prime factors of (5 - w) + (20 - 0).
3, 7
Let a(s) = s**2 + 7*s - 6. Let b be a(5). Let r be 8/(-20) - ((-29268)/(-30))/(-9). Let t = r - b. List the prime factors of t.
2, 3
Let u(y) = y**2 + 13*y + 60. What are the prime factors of u(-10)?
2, 3, 5
Suppose 5*k - 170 = -5*c, 3*c - 53 = 5*k + 17. Suppose 5*a = -0*a + c. What are the prime factors of a?
2, 3
What are the prime factors of (-8)/(-92) + 1721640/552?
3119
Suppose -45 = 132*w - 127*w. List the prime factors of 95 + (1/5)/(w/(-45)).
2, 3
Let o be (-10666)/(-22) - (-4 - (-168)/44). Suppose -6*c + o = -379. List the prime factors of c.
2, 3
Let m(d) = -19*d**2 - 4. Let l(t) = -18*t**2 - 3. Let i(g) = -5*l(g) + 4*m(g). List the prime factors of i(1).
13
Suppose 2*a = 5*b + 5976, 6*b = -a + 8*b + 2986. List the prime factors of a.
2, 1489
Suppose -5*y - 5 = -0. Let c be 0/(y*(3 - 2)). List the prime factors of ((-1)/3 + c)*-51.
17
Let r(i) = i**3 + 2*i**2 - 4*i + 35. What are the prime factors of r(10)?
5, 239
Let z be (3 + 0)*(-2)/(-6). Let g(x) be the third derivative of x**6/20 - x**5/60 + x**4/24 - x**3/6 - 15*x**2. What are the prime factors of g(z)?
5
Suppose -814 = -10*k + 456. What are the prime factors of k?
127
Let i = 108 - 429. Let l = -194 - i. List the prime factors of l.
127
Suppose 5*k = -1458 + 5093. What are the prime factors of k?
727
Suppose m + 3*l = -0*m + 32, 5*l - 36 = -m. Suppose -23*c + m*c - 279 = 0. What are the prime factors of c?
3, 31
Suppose j - 9 = -0*j. Suppose 0 = 2*a + j - 7. List the prime factors of a + (25 - (3 - 5)).
2, 13
Suppose -9*r + 5*r = -32. Let u be (540/6)/(6/r). Suppose u = 8*q - 3*q. What are the prime factors of q?
2, 3
Suppose v - 3*y + 8 = 0, -12*v + 7*v - y = 24. Let l(k) be the first derivative of -2*k**2 - 12*k - 3. List the prime factors of l(v).
2
Let z = 1983 + -382. List the prime factors of z.
1601
Let c be (-519)/(((-42)/(-4))/(-7)). Suppose c = 5*q - 74. Suppose -q = -2*s - s. List the prime factors of s.
2, 7
Suppose -45*w + 51*w = 11652. What are the prime factors of w?
2, 971
List the prime factors of (3804*15/120)/((-2)/(-12)).
3, 317
Suppose o = -m - 3*o + 144, 4*o + 496 = 3*m. Suppose -15 = -5*x, 2*b - 4*x = 4*b - m. Suppose -5*u + b = 4. What are the prime factors of u?
2, 7
Suppose -q = -2*m - 6, -m + 12 = -5*q - 3. Let k be q*(-1)/8*-2. What are the prime factors of (1/(-3))/(k/48)?
2
Suppose -6204 = -49*c + 79791. List the prime factors of c.
3, 5, 13
Suppose -5*t + 3*y + 1772 = 0, 2*y + 93 + 1325 = 4*t. List the prime factors of t.
5, 71
Suppose -5*c + 3*c = 4*o - 22, -4*c + 12 = 0. Suppose -u = u - o. Suppose -2*r = u*n - 24, 3*n + r - 24 = 4*r. List the prime factors of n.
2, 5
Suppose -23*c + 17*c + 8088 = 0. What are the prime factors of c?
2, 337
Let y(q) = -q**2 - 17*q + 25. Let l be y(-18). Let f = 6 - l. List the prime factors of (-3 + f)/((-16)/136).
2, 17
Suppose -202 = -2*n + n. Let r = -141 + n. What are the prime factors of r?
61
Suppose -2*s - 9108 = -2*b, 18221 = -25*b + 29*b + s. What are the prime factors of b?
5, 911
Let s = 2185 + -1067. What are the prime factors of s?
2, 13, 43
Let z be ((-8)/3)/((-15)/2790). Suppose 0 = 3*v - z - 182. List the prime factors of v.
2, 113
Let w(q) = -q - 9. Let d be (-7 + -3)/((-3)/(-6)). What are the prime factors of w(d)?
11
Let n(u) = -6*u - 7. Let m be n(-3). Let j = -8 + m. Suppose 3*t - j = 2*t. List the prime factors of t.
3
Let f(d) = -34*d + 66. List the prime factors of f(-5).
2, 59
Let c(w) = w**3 + 4*w**2 - 2*w - 8. Let p be c(-4). Suppose p = 5*q - 2*b - 862, -5*q = -3*b - 989 + 131. List the prime factors of q.
2, 3, 29
Let g = -44 + 70. Let h = g + 50. List the prime factors of h.
2, 19
Suppose 5*q + 27 = 2. Let p = q + 7. Let b(w) = 5*w**2 + w - 3. What are the prime factors of b(p)?
19
Suppose 7*a - 4*a - y = -13, -2*a + y - 9 = 0. Let f(c) = -53*c - 31. List the prime factors of f(a).
181
Let k = -77 - -80. Suppose 0 = -4*n + 4, k*i - 522 = -i - 2*n. What are the prime factors of i?
2, 5, 13
Let i = 172 - -647. List the prime factors of i.
3, 7, 13
Let p be 11 + 11 + (1 - 3). Let l = p + -14. Suppose -231 = -5*i - l. List the prime factors of i.
3, 5
Let k(l) = l**2 - 2. Let d be k(-2). Suppose -u + 20 = d*u + h, 5*u - 50 = -5*h. Suppose -4*n - 3 = -u*n, 5*n - 31 = -4*f. List the prime factors of f.
2
Suppose 0 = -10*r - 209 + 1999. List the prime factors of r.
179
Let s be (-8)/(-52) - 8/52. Suppose s = 5*n - 4*a - 429, 166 = -0*n + 2*n + 4*a. What are the prime factors of n?
5, 17
Let y = 540 + -538. Suppose 10 = -3*n - 5, 12 = 4*v + 4*n. Suppose -v = y*z, -z - z + 202 = 3*h. What are the prime factors of h?
2, 5, 7
Let a(k) = -7*k + 1. Let f be a(3). Let h = f - -29. Let y(i) = i**3 - 8*i**2 - 4*i + 13. What are the prime factors of y(h)?
2, 29
Let r be 57*(1 + (-4)/6). Suppose -2*d + j = -31, -4*d - 3*j - r + 106 = 0. Suppose -2*k = k - 5*l - d, -2*k - l + 25 = 0. What are the prime factors of k?
11
Suppose u - 10 = j + j, 3*j = -4*u + 95. Suppose 8 = -3*h - 0*a + 2*a, 0 = -4*h + 5*a - u. Suppose -3*f + 52 + 143 = h. List the prime factors of f.
5, 13
Suppose 13*a - 27048 = -1321. What are the prime factors of a?
1979
Let d(w) = -103*w**3 - w**2. Let t(p) = -2*p**2 - 54*p - 1. Let j be t(-27). What are the prime factors of d(j)?
2, 3, 17
List the prime factors of 3812/3*(-102)/(-68).
2, 953
Suppose -4*z - w + 348 = -760, -z - 3*w = -266. What are the prime factors of z?
2, 139
Let x(d) = 10*d**2 + 2*d - 39. List the prime factors of x(-8).
3, 5, 13
Suppose 18*a = 26*a - 6520. List the prime factors of a.
5, 163
Let u = -6904 + 10021. What are the prime factors of u?
3, 1039
Let z be 22/10 - 1*4/20. Suppose -2*r = 2*y - 368, 3*y = -z*r - 0*r + 553. List the prime factors of y.
5, 37
Let u be 1/(((-6)/(-5))/6). Suppose 10*r - u*r - 1380 = 0. List the prime factors of r.
2, 3, 23
Suppose -5*j - 204 = -11*j. Let d = j + -34. What are the prime factors of d/24 - 50/(-1)?
2, 5
Suppose -17*d - 12150 = -49652. What are the prime factors of d?
2, 1103
Let r(v) be the third derivative of -v**7/720 + v**6/360 + v**5/20 + 5*v**2. Let n(w) be the third derivative of r(w). List the prime factors of n(-5).
37
Let j = -228 + 401. What are the prime factors of j?
173
Let p = 108 + -16. Let a be ((-385)/(-70))/(-1*(-2)/(-20)). Let u = p + a. What are the prime factors of u?
37
Let n(o) be the second derivative of -5*o**3/6 - 11*o**2/2 + 11*o. List the prime factors of n(-11).
2, 11
Suppose v + v - 34 = 0. Suppose -93 = -20*f + v*f. What are the prime factors of f?
31
Let i = 45 - 71. 